of 31405.
5, 11, 571
What are the prime factors of 35132?
2, 8783
List the prime factors of 718.
2, 359
List the prime factors of 126.
2, 3, 7
List the prime factors of 767.
13, 59
List the prime factors of 7399.
7, 151
List the prime factors of 134.
2, 67
List the prime factors of 48659.
13, 19, 197
What are the prime factors of 14589?
3, 1621
List the prime factors of 4942.
2, 7, 353
What are the prime factors of 34242?
2, 3, 13, 439
List the prime factors of 7549.
7549
What are the prime factors of 1319?
1319
List the prime factors of 15837.
3, 5279
What are the prime factors of 806?
2, 13, 31
List the prime factors of 1570.
2, 5, 157
What are the prime factors of 1999?
1999
List the prime factors of 594.
2, 3, 11
List the prime factors of 43104.
2, 3, 449
What are the prime factors of 12707?
97, 131
What are the prime factors of 1743?
3, 7, 83
List the prime factors of 3192.
2, 3, 7, 19
List the prime factors of 12159.
3, 7, 193
List the prime factors of 1744.
2, 109
What are the prime factors of 2669?
17, 157
What are the prime factors of 4441?
4441
List the prime factors of 12408.
2, 3, 11, 47
List the prime factors of 4609.
11, 419
List the prime factors of 23.
23
List the prime factors of 9401.
7, 17, 79
What are the prime factors of 829?
829
What are the prime factors of 3664?
2, 229
What are the prime factors of 52097?
59, 883
List the prime factors of 1522.
2, 761
List the prime factors of 1513.
17, 89
What are the prime factors of 3426?
2, 3, 571
List the prime factors of 80065.
5, 67, 239
What are the prime factors of 519?
3, 173
List the prime factors of 78283.
78283
List the prime factors of 4148.
2, 17, 61
What are the prime factors of 849?
3, 283
What are the prime factors of 19473?
3, 6491
What are the prime factors of 4374?
2, 3
List the prime factors of 788.
2, 197
List the prime factors of 3537.
3, 131
List the prime factors of 124356.
2, 3, 43, 241
List the prime factors of 78457.
67, 1171
List the prime factors of 611.
13, 47
List the prime factors of 5544.
2, 3, 7, 11
List the prime factors of 7867.
7867
What are the prime factors of 610?
2, 5, 61
What are the prime factors of 143728?
2, 13, 691
What are the prime factors of 4510?
2, 5, 11, 41
List the prime factors of 99338.
2, 49669
What are the prime factors of 96302?
2, 179, 269
List the prime factors of 31065.
3, 5, 19, 109
List the prime factors of 1230.
2, 3, 5, 41
List the prime factors of 4093.
4093
List the prime factors of 3174.
2, 3, 23
List the prime factors of 11192.
2, 1399
What are the prime factors of 14980?
2, 5, 7, 107
List the prime factors of 14466.
2, 3, 2411
What are the prime factors of 169?
13
List the prime factors of 1404.
2, 3, 13
What are the prime factors of 4478?
2, 2239
What are the prime factors of 350?
2, 5, 7
List the prime factors of 13566.
2, 3, 7, 17, 19
What are the prime factors of 971?
971
What are the prime factors of 46385?
5, 9277
What are the prime factors of 1227?
3, 409
List the prime factors of 602.
2, 7, 43
What are the prime factors of 3984?
2, 3, 83
List the prime factors of 16435.
5, 19, 173
List the prime factors of 68874.
2, 3, 13, 883
What are the prime factors of 49775?
5, 11, 181
What are the prime factors of 600?
2, 3, 5
What are the prime factors of 644?
2, 7, 23
What are the prime factors of 27965?
5, 7, 17, 47
What are the prime factors of 12600?
2, 3, 5, 7
What are the prime factors of 686?
2, 7
What are the prime factors of 822?
2, 3, 137
List the prime factors of 18733.
11, 13, 131
What are the prime factors of 339?
3, 113
List the prime factors of 15576.
2, 3, 11, 59
List the prime factors of 15428.
2, 7, 19, 29
What are the prime factors of 65772?
2, 3, 7, 29
What are the prime factors of 4833?
3, 179
List the prime factors of 47815.
5, 73, 131
What are the prime factors of 1084?
2, 271
List the prime factors of 73046.
2, 36523
What are the prime factors of 123000?
2, 3, 5, 41
List the prime factors of 334.
2, 167
What are the prime factors of 822?
2, 3, 137
List the prime factors of 10256.
2, 641
List the prime factors of 408.
2, 3, 17
What are the prime factors of 85354?
2, 42677
What are the prime factors of 82310?
2, 5, 8231
What are the prime factors of 4889?
4889
What are the prime factors of 11807?
11807
List the prime factors of 568.
2, 71
List the prime factors of 1898.
2, 13, 73
List the prime factors of 9852.
2, 3, 821
What are the prime factors of 2353?
13, 181
What are the prime factors of 24050?
2, 5, 13, 37
List the prime factors of 11422.
2, 5711
List the prime factors of 824.
2, 103
What are the prime factors of 18697?
7, 2671
What are the prime factors of 32294?
2, 67, 241
What are the prime factors of 1911?
3, 7, 13
What are the prime factors of 41525?
5, 11, 151
List the prime factors of 26467.
7, 19, 199
List the prime factors of 1378.
2, 13, 53
List the prime factors of 1505.
5, 7, 43
What are the prime factors of 2710?
2, 5, 271
What are the prime factors of 1075?
5, 43
What are the prime factors of 14064?
2, 3, 293
What are the prime factors of 2080?
2, 5, 13
List the prime factors of 2454.
2, 3, 409
List the prime factors of 22.
2, 11
What are the prime factors of 1679?
23, 73
List the prime factors of 5496.
2, 3, 229
List the prime factors of 49344.
2, 3, 257
What are the prime factors of 34016?
2, 1063
List the prime factors of 27611.
27611
What are the prime factors of 29416?
2, 3677
List the prime factors of 20560.
2, 5, 257
List the prime factors of 13565.
5, 2713
List the prime factors of 36574.
2, 18287
List the prime factors of 23738.
2, 11, 13, 83
List the prime factors of 4753.
7, 97
List the prime factors of 28481.
19, 1499
What are the prime factors of 3650?
2, 5, 73
List the prime factors of 2218.
2, 1109
What are the prime factors of 65170?
2, 5, 7, 19
List the prime factors of 2654.
2, 1327
List the prime factors of 13516.
2, 31, 109
List the prime factors of 20403.
3, 2267
What are the prime factors of 1058?
2, 23
What are the prime factors of 9602?
2, 4801
List the prime factors of 16417.
16417
List the prime factors of 20225.
5, 809
List the prime factors of 588.
2, 3, 7
What are the prime factors of 8015?
5, 7, 229
What are the prime factors of 96867?
3, 47, 229
List the prime factors of 1709.
1709
List the prime factors of 142284.
2, 3, 71, 167
List the prime factors of 32481.
3, 401
List the prime factors of 3120.
2, 3, 5, 13
List the prime factors of 119568.
2, 3, 47, 53
What are the prime factors of 38501?
38501
List the prime factors of 711.
3, 79
List the prime factors of 4181.
37, 113
What are the prime factors of 21954?
2, 3, 3659
What are the prime factors of 119761?
23, 41, 127
List the prime factors of 3024.
2, 3, 7
What are the prime factors of 7241?
13, 557
List the prime factors of 95335.
5, 23, 829
What are the prime factors of 918?
2, 3, 17
What are the prime factors of 453?
3, 151
What are the prime factors of 8104?
2, 1013
List the prime factors of 16168.
2, 43, 47
List the prime factors of 121639.
7, 17377
List the prime factors of 3011.
3011
What are the prime factors of 60886?
2, 7, 4349
List the prime factors of 12723.
3, 4241
List the prime factors of 550.
2, 5, 11
What are the prime factors of 40072?
2, 5009
What are the prime factors of 3453?
3, 1151
What are the prime factors of 2014?
2, 19, 53
List the prime factors of 799.
17, 47
List the prime factors of 52796.
2, 67, 197
What are the prime factors of 1955?
5, 17, 23
What are the prime factors of 4279?
11, 389
What are the prime factors of 692?
2, 173
What are the prime factors of 16849?
7, 29, 83
List the prime factors of 7585.
5, 37, 41
What are the prime factors of 59?
59
What are the prime factors of 3852?
2, 3, 107
What are the prime factors of 1966?
2, 983
What are the prime factors of 1288?
2, 7, 23
What are the prime factors of 3048?
2, 3, 127
What are the prime factors of 994?
2, 7, 71
What are the prime factors of 5590?
2, 5, 13, 43
What are the prime factors of 41562?
2, 3, 2309
What are the prime factors of 1790?
2, 5, 179
What are the prime factors of 7524?
2, 3, 11, 19
What are the prime factors of 2223?
3, 13, 19
List the prime factors of 71461.
13, 23, 239
List the prime factors of 2196.
2, 3, 61
List the prime factors of 9121.
7, 1303
List the prime factors of 5